7*g + 8*g + 1 - o*g. Is s(-2) composite?
False
Let f(s) = 8*s - 11. Let q be (-2)/(-5) + 626/10. Suppose -2*w = 2*i - 26, -q = -7*i + 2*i - 4*w. Is f(i) prime?
False
Let i = -55 + -44. Suppose 3*f + 0*f + 284 = -2*x, 4*x - f + 596 = 0. Let b = i - x. Is b prime?
False
Let y = -7 - -15. Let t be ((-10)/y)/((-1)/(-4)). Is (-10)/t - (-147 - 0) composite?
False
Let j be (-1 + 1)*6/12. Suppose 0*p + 4*p - 8 = j. Suppose 3*f + p*f = 295. Is f composite?
False
Let y(b) = b**2 - 2. Let m be y(2). Is (-2)/3*(-105)/m a prime number?
False
Let m(n) = -n**2 - 8*n + 2 + 2*n**2 - 2*n**2 + 0*n**2. Let q be m(-4). Is 268/6*q/12 composite?
False
Let v = -5 + 3. Let x be (2 - 106) + (-3 - v). Is (-2)/(-1 + (-99)/x) composite?
True
Suppose 1122 + 738 = 5*k. Suppose 5*h + b = -4*b + 365, k = 5*h - 2*b. Is h a prime number?
False
Let m be (-4)/14 - ((-5435)/35 - -3). Let p(z) = -243*z**3 - z**2 - 2*z - 1. Let s be p(-1). Let l = s - m. Is l prime?
False
Suppose q = -279 + 730. Is q prime?
False
Is (-46)/((6/21)/(-1)) a prime number?
False
Let l(t) = -t**3 + 7*t**2 - 7*t + 4. Let a be l(6). Let g(x) = -69*x + 2. Let y be g(a). Suppose -y = -4*u - 0*u. Is u a composite number?
True
Suppose i = 2*i - 6. Let j be 2/3 - (-20)/i. Suppose -2*s - 158 = -j*s. Is s composite?
False
Let o(y) = y - 1. Let n be o(1). Suppose -3*r + 1719 - 543 = n. Suppose 5*t - w = r, -2*t - 5*w + 198 = 25. Is t a composite number?
False
Suppose -x + 484 = 5*f, -4*x + 0*f + 4*f + 1864 = 0. Is x composite?
True
Let v(h) = -22*h + 3. Suppose -53 = 2*g + 3*o, o + 18 = -g - 9. Let s be g/12 + 4/(-6). Is v(s) a prime number?
False
Suppose -l = -0*l - 45. Suppose -6*w = -w - l. Is w composite?
True
Is 140468/22 + 5/55 composite?
True
Suppose 660 - 126 = 2*j. Is j a composite number?
True
Is 1 - -222 - (3 + -3) a composite number?
False
Suppose 2*n + 0 = 4. Suppose n*c = 6*c - 236. Is c composite?
False
Suppose s + s - 4*p = 2, 3*s - 2*p + 1 = 0. Is s/(-3) - 2340/(-27) a composite number?
True
Let l(b) = 4*b**2 + 2*b - 3 - 4 + 6. Is l(-5) a composite number?
False
Let d = -1 + 3. Let r(p) = -5 + 6*p**d - 2*p**2 + 2 - p**2 - 3*p. Is r(-2) composite?
True
Let y(s) = s - 2. Let d be y(4). Let f = d - -1. Suppose 3*h + 43 = 4*h - 4*g, -f*h = 5*g - 78. Is h prime?
True
Suppose -44 = -3*o + 5*g - 16, -3*g - 36 = -5*o. Let x(i) = 6*i**2 - i - 7. Is x(o) a composite number?
True
Let x be 4/26 - (-35416)/(-26). Let q be 1 + (x/3)/(-2). Suppose 5*l - q = -43. Is l a composite number?
False
Is (1/2)/((-3)/(-4458)) composite?
False
Suppose 3*f = -194 + 59. Let w = 42 - f. Is w prime?
False
Let g = -7 + 4. Let o(a) = 25*a**2 + a + 1. Is o(g) a prime number?
True
Suppose -2*o + 10 = -2*s, -4*o + 8 = -3*s - 14. Let v = o - 0. Suppose 31 = 4*u + v. Is u composite?
True
Suppose -5*y = -4*f + 29, 5 = -2*y + 3. Let c(i) be the second derivative of i**3/2 + i**2/2 + i. Is c(f) composite?
False
Let u = -258 - -369. Is u a prime number?
False
Suppose 3*n + 3*x + 54 = 0, 76 = -4*n - 0*n - 5*x. Suppose -2*t - 11 = y, -y - 25 = 2*y + 2*t. Is (-4)/n - 12/y prime?
True
Let g(o) be the second derivative of o**5/20 + o**4/3 + 2*o**3/3 + o**2 - o. Let j be g(-2). Suppose -40 = -5*b + j*z, 6*b - 2*b + 4*z - 4 = 0. Is b composite?
True
Let o(s) be the first derivative of -3*s - s**2 - 9/4*s**4 + 1/3*s**3 + 2. Is o(-2) a composite number?
True
Let y(v) = -v**3 - v + 35. Let o = 5 + -5. Is y(o) a composite number?
True
Let o be 43/9 + 2/9. Suppose -6*a + o*a = -22. Is (a/3)/((-6)/(-45)) a prime number?
False
Let m be (-10)/(-30) - (-440)/3. Let q = 558 - m. Suppose -212 + 620 = 3*a - 3*b, -3*a + 4*b = -q. Is a prime?
False
Let s(c) = 34*c**3 + c**2 - c + 1. Is s(1) composite?
True
Let v = 22 + -18. Suppose -v*z - 81 = -613. Is z a composite number?
True
Suppose 0 = -31*p + 10*p + 41433. Is p a composite number?
False
Let w be (-2)/4 - 9814/(-28). Is 1*3*w/30 a composite number?
True
Let p = 15 + -15. Suppose 3*u = -p*u - 3*y + 675, -y - 890 = -4*u. Is u a prime number?
True
Let p(y) = 2*y**3 - 9*y**2 + 4*y - 13. Is p(6) a composite number?
True
Suppose -5*x = -4*x - 995. Is x prime?
False
Let g be 20950/40 - 2/(-8). Suppose g = 2*y + 2*y. Is y a composite number?
False
Suppose 4*q + 10 = 2, m - 10 = 4*q. Let n(f) = -f**3 + 4*f**2 + 3*f + 7. Let h be n(5). Is m + h/((-3)/2) prime?
False
Suppose -4*l + 1015 = l. Is l prime?
False
Suppose g + 838 = 122. Is 2/(-1 - 724/g) a prime number?
True
Let n = -770 + 1273. Is n a prime number?
True
Let k be ((-417)/9)/((-1)/(-9)). Is 1/((-1254)/k - 3) prime?
True
Is (-841)/(-4) + 3/4 a composite number?
False
Is -2 - -4 - (2 - 1502) composite?
True
Let o(b) = -b + 10. Let d be o(0). Is (538/d)/(3/15) composite?
False
Suppose -4*x + 2*z = -0*z - 6, 3*x - z = 3. Let d be x/(-2)*1/2. Suppose t + 4*y + 5 = d, -4*t + 9 + 5 = -y. Is t a prime number?
True
Let v(w) = -65*w - 5. Let o be v(-4). Suppose -7 - o = -2*j. Is j prime?
True
Suppose 0*l - 2*l = 156. Let d = l - -197. Is d composite?
True
Let l = -406 + 1317. Is l a prime number?
True
Let l = -4 + 11. Suppose -l*r - 109 = -2*z - 2*r, -z + r = -56. Is z a prime number?
False
Let u(q) be the first derivative of -q**4/4 + 8*q**3/3 - 5*q**2/2 - q - 2. Is u(7) composite?
False
Suppose 0 = -5*h + 4*h + 92. Suppose q - h = d, 2*d - 4*q = q - 196. Let y = 127 + d. Is y a prime number?
False
Let k(h) = 22*h - 4. Let p be 2/4 + 50/20. Is k(p) composite?
True
Let i(j) = -7*j + 11. Let c(w) = 14*w - 22. Let d(s) = 2*c(s) + 5*i(s). Let n be (-231)/28 - (-1)/4. Is d(n) a composite number?
False
Suppose -5*n - 1 = -16, -v = n + 11. Is 4/v - (-261)/7 a composite number?
False
Suppose -3*m + 68 + 30 = -r, -2*m + 2*r + 60 = 0. Is m composite?
True
Suppose 0 = 7*o - 10*o + 7311. Is o a composite number?
False
Let a = 2 - 0. Suppose a*z + 1 = 9. Let m(s) = 40*s + 3. Is m(z) composite?
False
Suppose -3*o + 211 = 37. Suppose -2*g + o + 14 = -2*l, g + 3*l = 44. Is g prime?
False
Let f = 26 + -7. Is f a prime number?
True
Let z(r) = -r**3 + 2*r**2 - 4*r - 1. Suppose -u + 3*q - 4 = -1, -5*q = -5*u - 15. Let x be z(u). Let l = x + -25. Is l prime?
True
Let s = -152 + 75. Let r = -38 - s. Is r a prime number?
False
Suppose -3*n + 608 = m, 61 = -n - m + 263. Is n composite?
True
Suppose -u = 1 - 3. Suppose 0 = -h + u*h + 2*q - 123, -5*h - q + 660 = 0. Is h a composite number?
True
Let b(g) = g**2 - 5*g + 6. Let i be b(5). Let q = i + 27. Suppose j + 14 = q. Is j prime?
True
Let c(z) = 2*z**3 - 8*z**2 - 10*z + 15. Is c(7) a prime number?
True
Let r = -21 + 52. Is r a composite number?
False
Let t be 2 + -1 + 0 + 3. Let n(h) = -h - 3. Let j(y) = -y - 6. Let r(g) = 3*j(g) - 7*n(g). Is r(t) composite?
False
Suppose -5*s + 2*t = 50 + 789, -4*t - 827 = 5*s. Let c = 27 - s. Is c a composite number?
True
Is (-1)/(-4) - 86/(-8) a prime number?
True
Suppose 0 = i + z, -z + 2*z = -4. Suppose -l - i*l = 0. Suppose 217 = -5*b - 3*r + 1018, l = 3*b + 5*r - 487. Is b a prime number?
False
Let i(o) = 160*o**2 + o. Let g(p) = -p**3 + 11*p**2 + p - 10. Let c be g(11). Is i(c) a composite number?
True
Suppose 2*j - 1062 = -4*b, -4*b + 88 = -j + 649. Is j composite?
False
Suppose 0 = 3*c + 15, -3*d - c - c = -1739. Is d a composite number?
True
Suppose -c = -2*t + 7, 4*t - t - 15 = 0. Let j(s) = 17*s - 5. Let a(r) = -8*r + 3. Let h(i) = c*j(i) + 5*a(i). Is h(11) prime?
False
Suppose 2*s - 5*s = -15, 0 = -2*y + 4*s - 16. Let a be (-2 - y)*(-12)/8. Let m(f) = f**3 - 6*f**2 + 7*f - 7. Is m(a) a composite number?
True
Let h(c) = 6*c**3 - 2*c - 4. Let b(m) = 6*m**3 - 3*m - 5. Suppose 3*d + 3 = -0*d, 3*a - 8 = -d. Let i(n) = a*h(n) - 2*b(n). Is i(2) composite?
True
Let w(y) = -2*y - 2. Let t be w(-4). Suppose 2*a + 3*a - t = -3*v, -10 = -5*v - 3*a. Is 26 + (v/1 - 2) a composite number?
True
Suppose 0*i + 22 = -i + 4*n, -5*n = -4*i - 44. Is (-4 - (-38)/i)*-3 a composite number?
False
Let f(d) = d**2 - 14*d + 19. Is f(14) a prime number?
True
Suppose -u + 5*u = y + 1024, -y = 5*u - 1289. Suppose -d - 1294 = -6*l + l, l - 2*d = u. Is l a prime number?
False
Let j = -143 + 354. Is j prime?
True
Let t(u) = u**3 - 5*u**2 + 11*u - 15. Let d be (12/9)/(2/9). Is t(d) a composite number?
True
Suppose 0 = 3*v - 9, 2*a = -3*v + 7649 - 2478. Is a composite?
True
Suppose 0 = 2*p - 5*p + 3*k - 75, 0 = -2*p - 3